, what is 2 - ca82568?
-ca82566
In base 4, what is -1100333 - -2113?
-1032220
In base 7, what is 3541404 - 32?
3541342
In base 8, what is -4 + 10473325?
10473321
In base 12, what is 9990122 - 9?
9990115
In base 16, what is fd3272 + 3?
fd3275
In base 12, what is 37b406 - 137?
37b28b
In base 10, what is 357765 + 79?
357844
In base 15, what is 4 - -70227c2?
70227c6
In base 9, what is -12 - 12242272?
-12242284
In base 6, what is -241 - 430421004?
-430421245
In base 4, what is -1131210021013 - -12?
-1131210021001
In base 14, what is -77bd - 92c?
-830b
In base 3, what is 1022111021020 + 112?
1022111021202
In base 11, what is 321 + 20136?
20457
In base 10, what is -542145 - -31?
-542114
In base 3, what is -2221 - 201221111?
-202001102
In base 4, what is 13302120133002 - 0?
13302120133002
In base 9, what is 76224 + 201?
76425
In base 10, what is 291039 + 26?
291065
In base 13, what is -20b0 + 18c36?
16b56
In base 8, what is -772 + -137303?
-140275
In base 11, what is 75841 - 3a?
75802
In base 5, what is 3134414 - 4300?
3130114
In base 5, what is 134243103214 + 2?
134243103221
In base 3, what is 1002100001 + 121120?
1002221121
In base 15, what is 0 + -d6b11d?
-d6b11d
In base 15, what is -505 + -b2b5a?
-b3160
In base 4, what is -33201312203 - -11?
-33201312132
In base 3, what is -2000 - 1121220102121?
-1121220111121
In base 8, what is 5 - -64040742?
64040747
In base 10, what is 23 + -14935668?
-14935645
In base 12, what is -41a624 + -32?
-41a656
In base 14, what is 310a64 - -5?
310a69
In base 2, what is 1101101100 - -101101100101?
111011010001
In base 8, what is 1231 + -122076?
-120645
In base 11, what is -2865408a - -9?
-28654081
In base 14, what is 5 - -28647d?
286484
In base 7, what is 454 - 633065?
-632311
In base 16, what is -16 + -24c04b?
-24c061
In base 16, what is -1f - -29c7a?
29c5b
In base 5, what is -33 - -1344404212?
1344404124
In base 8, what is -2014345622 + 3?
-2014345617
In base 3, what is 11 + 112101120202222?
112101120210010
In base 3, what is -212020 - -2122202011?
2121212221
In base 14, what is -176 + 851?
6b9
In base 7, what is 4443 - 244460?
-240014
In base 9, what is 2 - -85200058?
85200061
In base 11, what is 1414128 - 4?
1414124
In base 16, what is 207 + 1c50d?
1c714
In base 8, what is -1550 + 1074035?
1072265
In base 10, what is -107122 - -7?
-107115
In base 2, what is 10 - 1000000111100110011001?
-1000000111100110010111
In base 8, what is -37516 + 1347?
-36147
In base 5, what is 3 - 14044202214?
-14044202211
In base 6, what is 4 - 3203013302?
-3203013254
In base 15, what is 1 - 13da9b84?
-13da9b83
In base 10, what is -699509 - 23?
-699532
In base 5, what is 112 + -34001131?
-34001014
In base 12, what is 1baa7 - 20a?
1b899
In base 13, what is -569 + -38c0?
-4159
In base 10, what is 21 - 514908?
-514887
In base 11, what is -84371a + -666?
-844285
In base 9, what is 3212472 - 250?
3212222
In base 4, what is -1233 - -2322303111?
2322301212
In base 6, what is -220314 + -40540?
-301254
In base 13, what is 328bbb3 - 1?
328bbb2
In base 16, what is 1ba36 - -44?
1ba7a
In base 14, what is 206 - b84?
-97c
In base 6, what is -1 - -132530533?
132530532
In base 8, what is -124205131 + 6?
-124205123
In base 11, what is 102653 - -857?
1033aa
In base 2, what is 10001000101110000000 + 100110?
10001000101110100110
In base 3, what is -22 - 1002102111?
-1002102210
In base 14, what is b5b2 + -2a2?
b310
In base 10, what is 6941 - 28933?
-21992
In base 8, what is -3 - -5061142?
5061137
In base 15, what is -11ac + -e57?
-2114
In base 8, what is -4113 - 23374?
-27507
In base 16, what is -16f2d - 26?
-16f53
In base 12, what is 3002 - b72?
2050
In base 16, what is -57679 + 19?
-57660
In base 6, what is -14 + 40130125?
40130111
In base 7, what is -661502155 - 2?
-661502160
In base 13, what is -c329 - 108?
-c434
In base 5, what is -1440243 + 1404?
-1433334
In base 15, what is b - 4c59c7?
-4c59bb
In base 3, what is 1012112221 - -1101?
1012121022
In base 2, what is 100 + 110101111000001100100010000?
110101111000001100100010100
In base 15, what is -85 + -1ead74?
-1eae09
In base 13, what is 1269053 + -9?
1269047
In base 3, what is -21001 - -21210212221121?
21210212200120
In base 10, what is 12008 - -131?
12139
In base 13, what is 1349 - -1b8b?
3207
In base 15, what is 4de - 1448?
-e59
In base 6, what is 15341150113 + 14?
15341150131
In base 13, what is 816 + 39c?
bb5
In base 5, what is 3 + 4130340043?
4130340101
In base 15, what is 44 + -822e?
-81da
In base 11, what is -1 + 121515?
121514
In base 3, what is 102011 - 1110020220?
-1102211202
In base 9, what is 100442 - 45?
100386
In base 10, what is 10842 + -988?
9854
In base 15, what is 4 + 38cc41?
38cc45
In base 10, what is -6 - -110518952?
110518946
In base 9, what is -13678 + 5155?
-7523
In base 10, what is 4976497 + -4?
4976493
In base 5, what is 4 + -2443411413?
-2443411404
In base 2, what is 1010 - -1010001000101?
1010001001111
In base 4, what is 20 - -1223032310?
1223032330
In base 6, what is -31 + -145430521?
-145430552
In base 12, what is -874b1 - -16?
-87497
In base 3, what is 111112102011011 - -2001?
111112102020012
In base 16, what is 2 + 5d80e?
5d810
In base 4, what is -2311010122232 + -1?
-2311010122233
In base 7, what is -5546 + -360566?
-366445
In base 9, what is 1058 - 416653?
-415584
In base 12, what is -1480 - 13234a?
-13380a
In base 2, what is -1101000000010001 - -101001101?
-1100111011000100
In base 2, what is 111 + -10100110001111011111100?
-10100110001111011110101
In base 5, what is -2010122114 + 10?
-2010122104
In base 15, what is c + 6e358d?
6e359a
In base 2, what is -10100110001 - 1011000110000?
-1101101100001
In base 12, what is -19a38 - 653?
-1a48b
In base 16, what is -2f + 1087?
1058
In base 8, what is -771 - 43034?
-44025
In base 7, what is 4 - 321031003?
-321030666
In base 10, what is -62 - 4301?
-4363
In base 14, what is 2 + 1155ba?
1155bc
In base 7, what is 11165345 + 2204?
11200552
In base 16, what is -10f15 + -38?
-10f4d
In base 12, what is 3b479 - 3a9?
3b090
In base 14, what is -80b + 38076?
37669
In base 7, what is 3 - 66412252?
-66412246
In base 11, what is 9a135 - -4506?
a3640
In base 9, what is 0 - -755413781?
755413781
In base 8, what is -101051445 + -3?
-101051450
In base 5, what is 3230300320 - -22?
3230300342
In base 2, what is -1100 - 1100011100001011011010?
-1100011100001011100110
In base 3, what is 1 - 11222111012202?
-11222111012201
In base 6, what is 112124340 - 12?
112124324
In base 5, what is -22304211340 + -11?
-22304211401
In base 13, what is -20 + 265658?
265638
In base 13, what is 142809959 + -1?
142809958
In base 6, what is 2 + -413233444?
-413233442
In base 14, what is -197a9 + 76b?
-1903c
In base 9, what is 12371 - 572?
11688
In base 10, what is 1940103 - 4?
1940099
In base 9, what is 7 + -483514?
-483506
In base 4, what is 1320110 - -13322?
2000032
In base 2, what is -10011000010010100111010000 + -10?
-10011000010010100111010010
In base 3, what is 11220 + 200101021011201?
200101021100121
In base 6, what is -450344 - -20221?
-430123
In base 4, what is -3001 + 10203222?
10200221
In base 15, what is -16b1d8 - -9b?
-16b13c
In base 3, what is -2220100210 + 1220002?
-2211110201
In base 10, what is -5 + 2866919?
2866914
In base 4, what is -10 + -23330100232223?
-23330100232233
In base 13, what is 1c365 - -4706?
23a6b
In base 15, what is -dcd6 - 2c?
-dd13
In base 9, what is 0 - 1740820?
-1740820
In base 10, what is 816112 - 248?
815864
In base 4, what is -2011022 + 21032?
-1323330
In base 9, what is 6 + -46687682?
-46687675
In base 10, what is -7870 + 23101?
15231
In base 2, what is 1110100000 + 110010101110?
1000001001110
In base 13, what is -5a + -1b845?
-1b8a2
In base 6, what is -343014145 - 524?
-343015113
In base 8, what is -37513331 + 4?
-37513325
In base 5, what is -41132240232 - -4?
-41132240223
In base 3, what is -1110 - -120021010120112?
120021010112002
In base 16, what is 6 - -a49b0?
a49b6
In base 5, what is 43433140 - 3032?
43430103
In base 12, what is 2 - -76917b?
769181
In base 5, what is 2324042224101 - 2?
2324042224044
In base 10, what is 252 + -1973364?
-1973112
In base 9, what is -5 - -1301182?
1301176
In base 5, what is 400323000 - -2?
400323002
In base 15, what is -ebd - -b316?
a348
In base 9, what is 13 - -24170162?
24170175
In base 6, 